onvert 52a4 (base 15) to base 16.
4447
Convert -89b3b (base 15) to base 5.
-103003111
e3ba (base 16) to base 11
3a889
153604 (base 8) to base 11
384a7
What is 9ea8 (base 15) in base 9?
51175
What is -42784 (base 14) in base 15?
-328e5
What is 190050 (base 10) in base 7?
1421040
What is -93716 (base 11) in base 7?
-1106220
Convert 202178 (base 10) to base 11.
128999
What is 11010001000000 (base 2) in base 11?
a060
10211002012222 (base 3) to base 6
111253212
23720 (base 10) to base 16
5ca8
What is 133313233 (base 4) in base 11?
8a096
78621 (base 9) to base 3
2122200201
-8a043 (base 14) to base 2
-1010001101111101011
Convert -24c75a (base 13) to base 2.
-11010111111011100100
What is 144c6 (base 15) in base 9?
108406
What is 22351341 (base 6) in base 4?
2212311031
1420160 (base 7) to base 11
11a639
What is -43413413 (base 5) in base 4?
-1123003313
101101011100001 (base 2) to base 4
11223201
Convert 319522 (base 10) to base 13.
b2588
8258a (base 11) to base 5
12323433
Convert 11026532 (base 7) to base 8.
3474140
What is 585836 (base 11) in base 3?
1202020210010
Convert -775384 (base 10) to base 14.
-162808
15041241 (base 7) to base 5
330444422
126739 (base 16) to base 9
2237371
-229093 (base 13) to base 8
-3100621
Convert 16018a (base 11) to base 7.
2055200
Convert 4323020 (base 6) to base 13.
76074
What is -1213262 (base 8) in base 10?
-333490
-22231130 (base 5) to base 2
-101111110011001110
-53743167 (base 8) to base 14
-175c171
Convert 44d65 (base 16) to base 15.
58822
What is b31 (base 15) in base 8?
4731
What is 11332131131 (base 4) in base 14?
2cac8d
What is -22756010 (base 8) in base 14?
-935ad2
What is -475451 (base 8) in base 11?
-10118a
5515632 (base 7) to base 9
1241243
-21213032300 (base 4) to base 14
-49850c
Convert 211011130 (base 4) to base 11.
a4141
221213222 (base 4) to base 12
827a2
What is -af34b (base 16) in base 5?
-140431033
Convert 24483 (base 11) to base 14.
cb6d
2301320244 (base 5) to base 4
103132031001
Convert 2461aa5 (base 13) to base 6.
1042300242
What is -1cc4743 (base 13) in base 14?
-13cb483
1235167 (base 8) to base 4
1103221313
1000101011000001011 (base 2) to base 5
33043141
Convert -3217463 (base 10) to base 7.
-36230234
88516 (base 10) to base 16
159c4
-562a81 (base 12) to base 11
-858a8a
What is -10bb2f (base 16) in base 2?
-100001011101100101111
Convert -1112320312 (base 4) to base 11.
-223430
What is 203052 (base 7) in base 2?
1000011101111000
What is 2242404 (base 7) in base 14?
73b74
Convert 2232631 (base 8) to base 13.
181937
Convert 2efc2 (base 16) to base 7.
1431036
What is 10000001111000010100 (base 2) in base 4?
2001320110
Convert -920a1 (base 11) to base 5.
-13301132
What is -11112224100 (base 5) in base 3?
-212000011222112
Convert -253346 (base 9) to base 4.
-211130133
What is 629571 (base 13) in base 14?
440330
Convert 421241 (base 6) to base 8.
102331
Convert 9056a6 (base 11) to base 12.
5a3190
Convert -101000000010000010100 (base 2) to base 4.
-11000100110
235022031 (base 6) to base 4
100322312203
What is -20450320 (base 6) in base 9?
-1110643
Convert 233102232 (base 5) to base 11.
668949
Convert -2286f (base 16) to base 15.
-2bd83
What is -56112a (base 13) in base 5?
-1004431413
1210113130 (base 4) to base 5
101123400
-23496 (base 13) to base 12
-31400
What is 19995 (base 11) in base 16?
6ca5
-21be3c (base 15) to base 16
-188feb
Convert 17544a2 (base 15) to base 5.
13321131202
Convert -506234 (base 7) to base 13.
-30320
Convert 6137827 (base 9) to base 5.
1314220104
What is -842a1 (base 11) in base 8?
-357665
48252 (base 14) to base 8
527720
What is -1fd8c (base 16) in base 3?
-20121221021
-2bc66 (base 16) to base 5
-21214202
b958 (base 14) to base 12
1664a
What is 667037 (base 9) in base 8?
1412715
Convert -1d0a1 (base 14) to base 9.
-122736
-5175805 (base 9) to base 7
-32341352
Convert 21012220221122 (base 3) to base 5.
1440233230
What is -1001001100001111 (base 2) in base 6?
-450143
What is -254c6 (base 14) in base 16?
-16576
Convert 220201212001 (base 3) to base 6.
14234001
12021000100 (base 3) to base 4
121101213
-1a3ba (base 16) to base 4
-122032322
What is e7b294 (base 15) in base 3?
202202001011211
-100110110110011101 (base 2) to base 7
-1231642
What is -111011100101100011101 (base 2) in base 3?
-10200012101100
781744 (base 9) to base 2
1110010000011011111
Convert -16000 (base 16) to base 13.
-32029
What is -3176713 (base 8) in base 6?
-30125403
What is 1446823 (base 9) in base 12?
326410
Convert 4e8d74 (base 15) to base 16.
399f1c
-623503 (base 10) to base 11
-3964a1
3033310122 (base 4) to base 9
1536586
-20120201112 (base 3) to base 14
-35304
What is 10035 (base 13) in base 16?
6fbd
3753 (base 8) to base 7
5624
What is 22112013121 (base 4) in base 10?
2712025
Convert 401531 (base 8) to base 7.
1056430
Convert -23321011 (base 4) to base 11.
-33661
-12630652 (base 7) to base 3
-2012022010021
Convert 12265130 (base 7) to base 13.
2ca806
What is 66514225 (base 7) in base 2?
10101111000001010100101
90770 (base 11) to base 14
36501
Convert -824221 (base 9) to base 6.
-14250031
What is -1011111000111001 (base 2) in base 7?
-261655
45003 (base 7) to base 9
16470
What is 661672 (base 10) in base 8?
2414250
-8191 (base 10) to base 16
-1fff
Convert -572011 (base 8) to base 5.
-22143140
Convert -1010221012222 (base 3) to base 11.
-386504
3044231 (base 5) to base 9
75450
What is -1021020311 (base 4) in base 10?
-299573
What is 4b158 (base 12) in base 16?
18f14
What is 1200112121210 (base 3) in base 6?
31113550
What is 2721b (base 15) in base 16?
1e9a7
-52750 (base 12) to base 10
-108204
Convert -101000101001010111101011 (base 2) to base 14.
-15b5147
Convert 1101111001100010011 (base 2) to base 11.
2911aa
-5767a4 (base 11) to base 9
-1646413
What is 1001011111000000001 (base 2) in base 5?
34421120
Convert -c979 (base 15) to base 11.
-2a043
1010101100100101010111 (base 2) to base 11
1645801
What is -2120435 (base 6) in base 4?
-121112213
What is -aa13a (base 14) in base 2?
-1100100100011001000
What is -28092a (base 14) in base 9?
-2540502
-5a046 (base 11) to base 12
-42119
What is 2322532 (base 7) in base 10?
291475
Convert 11001231 (base 4) to base 2.
101000001101101
12221123 (base 4) to base 3
1101100102
Convert -1604454 (base 8) to base 6.
-13514420
-120298 (base 15) to base 11
-539056
Convert 310300221 (base 4) to base 3.
101222102220
What is -9d577a (base 15) in base 14?
-dd73a9
What is -1210102002220 (base 3) in base 6?
-32231253
What is 247247 (base 9) in base 10?
149650
Convert -1631271 (base 8) to base 7.
-4003220
What is 476172 (base 8) in base 4?
213301322
Convert 114da (base 15) to base 3.
2210120221
What is -b967a (base 16) in base 3?
-1102120201121
Convert 620d9 (base 16) to base 7.
3261630
What is -13405015 (base 6) in base 12?
-19976b
131431220 (base 5) to base 15
ce1e0
What is 126482 (base 9) in base 5?
4430233
1173331 (base 8) to base 5
40402322
Convert 574178 (base 10) to base 11.
362430
What is 311715 (base 8) in base 16?
193cd
222320300 (base 4) to base 8
527060
What is -10230164 (base 7) in base 11?
-540529
Convert -11230054 (base 7) to base 9.
-1756104
-103111413 (base 5) to base 6
-13243523
-5245583 (base 10) to base 4
-110000222033
What is 22100302213 (base 4) in base 8?
12206247
What is -251603 (base 9) in base 12?
-74049
What is -123101230011 (base 4) in base 10?
-7150341
What is 2231311 (base 6) in base 11?
77a63
What is 2332b (base 16) in base 11?
99355
What is -117062 (base 9) in base 6?
-1303345
5146660 (base 9) to base 2
1010011110110000010100
What is 40e96 (base 15) in base 9?
343256
What is 2a59a (base 11) in base 10?
43306
Convert -25310 (base 14) to base 12.
-44902
What is -33456466 (base 7) in base 5?
-1220430421
-6275a2 (base 12) to base 15
-208752
3420131 (base 5) to base 12
2b136
102201321231 (base 4) to base 15
65e3a3
Convert 10110100111001000100 (base 2) to base 16.
b4e44
What is -7529297 (base 10) in base 8?
-34561521
What is -2121000011 (base 4) in base 6?
-21233205
What is -103987 (base 12) in base 7?
-2112436
What is -5910a (base 11) in base 16?
-14d43
5134141 (base 8) to base 5
321423141
What is -28dd39 (base 15) in base 10?
-1970604
What is -3334a9 (base 11) in base 3?
-1000000022120
Convert 155a6a (base 12) to base 10.
362674
361302 (base 10) to base